rime?
False
Is 12854 prime?
False
Is 117697 composite?
True
Is 122753 composite?
False
Is 3389 a prime number?
True
Is 453273 composite?
True
Is 34457 composite?
False
Is 197381 a prime number?
True
Is 57091 a prime number?
False
Is 2797 a composite number?
False
Is 180533 composite?
False
Is 6481 prime?
True
Is 23843 a composite number?
True
Is 847183 a prime number?
False
Is 5599 a prime number?
False
Is 4751 prime?
True
Is 6179 prime?
False
Is 2437 a composite number?
False
Is 45079 a composite number?
True
Is 4849 prime?
False
Is 48647 a prime number?
True
Is 9923 a composite number?
False
Is 1039 prime?
True
Is 7829 a composite number?
False
Is 114605 prime?
False
Is 1644817 a prime number?
True
Is 161717 a prime number?
True
Is 42193 a composite number?
False
Is 897194 a prime number?
False
Is 7193 a composite number?
False
Is 379 composite?
False
Is 44641 a composite number?
False
Is 25891 composite?
True
Is 26327 prime?
False
Is 16913 prime?
False
Is 578087 a composite number?
True
Is 173953 prime?
False
Is 3389 composite?
False
Is 7901 a composite number?
False
Is 28673 prime?
False
Is 120709 prime?
True
Is 11591 a composite number?
True
Is 26479 a prime number?
True
Is 105311 composite?
True
Is 18053 composite?
True
Is 13641 composite?
True
Is 31859 prime?
True
Is 106591 a composite number?
False
Is 1405 a composite number?
True
Is 13093 a prime number?
True
Is 270185 composite?
True
Is 210391 a composite number?
False
Is 2371 prime?
True
Is 38945 a prime number?
False
Is 13043 a prime number?
True
Is 229417 a composite number?
True
Is 466787 a prime number?
True
Is 1243 prime?
False
Is 793913 prime?
False
Is 1613543 composite?
False
Is 70529 prime?
True
Is 100669 a prime number?
True
Is 2429 a prime number?
False
Is 3347 composite?
False
Is 14741 a composite number?
False
Is 290201 prime?
True
Is 12791 a prime number?
True
Is 39581 a composite number?
False
Is 46873 composite?
True
Is 85361 prime?
True
Is 171179 composite?
False
Is 77317 composite?
False
Is 487 a prime number?
True
Is 26227 a prime number?
True
Is 444767 composite?
False
Is 4185457 prime?
False
Is 1112719 a prime number?
False
Is 1094237 a prime number?
True
Is 46105 a prime number?
False
Is 1143941 a composite number?
True
Is 3351437 prime?
False
Is 938155 a prime number?
False
Is 773437 a composite number?
True
Is 164881 prime?
True
Is 36733 a prime number?
False
Is 493 prime?
False
Is 36581 composite?
True
Is 194573 a composite number?
True
Is 474917 composite?
False
Is 6107 a composite number?
True
Is 7921 composite?
True
Is 105649 a prime number?
True
Is 1097849 a prime number?
True
Is 77555 a prime number?
False
Is 45681 prime?
False
Is 375461 prime?
False
Is 23267 prime?
False
Is 3743 composite?
True
Is 4306 a prime number?
False
Is 504565 a composite number?
True
Is 1006 a prime number?
False
Is 1343717 a composite number?
False
Is 35039 a prime number?
False
Is 482263 a composite number?
False
Is 42623 prime?
False
Is 193814 prime?
False
Is 567527 prime?
True
Is 4861 a composite number?
False
Is 975589 prime?
False
Is 16743 a composite number?
True
Is 421007 composite?
True
Is 713737 composite?
False
Is 8379653 a prime number?
True
Is 480485 a composite number?
True
Is 3083 prime?
True
Is 107021 prime?
True
Is 2789 prime?
True
Is 679 prime?
False
Is 10411 composite?
True
Is 5939 a composite number?
False
Is 16057 a prime number?
True
Is 24305 prime?
False
Is 2317 a prime number?
False
Is 730187 a prime number?
True
Is 434215 a prime number?
False
Is 159983 composite?
True
Is 146563 composite?
False
Is 90689 a prime number?
False
Is 5821 a prime number?
True
Is 18413 a composite number?
False
Is 17665 a prime number?
False
Is 6121 a prime number?
True
Is 5557 a composite number?
False
Is 26671 a prime number?
False
Is 2444971 a composite number?
True
Is 72671 prime?
True
Is 95447 composite?
True
Is 37 a composite number?
False
Is 76999 prime?
False
Is 51631 prime?
True
Is 16271 prime?
False
Is 49297 composite?
False
Is 3407 composite?
False
Is 420967 prime?
True
Is 57169 prime?
False
Is 3511 prime?
True
Is 953 a composite number?
False
Is 5389097 a prime number?
False
Is 138271 a composite number?
True
Is 11146 a prime number?
False
Is 4197 a prime number?
False
Is 235211 a prime number?
True
Is 58169 a composite number?
False
Is 922561 a composite number?
False
Is 12751 prime?
False
Is 51565 composite?
True
Is 3046759 prime?
False
Is 62029 prime?
False
Is 498565 a prime number?
False
Is 442213 a composite number?
True
Is 17521 a composite number?
True
Is 57569 a composite number?
True
Is 938369 a prime number?
True
Is 131561 composite?
False
Is 6997 prime?
True
Is 58889 prime?
True
Is 14485 prime?
False
Is 3599 a prime number?
False
Is 173461 a prime number?
False
Is 60141 prime?
False
Is 7093 a prime number?
False
Is 12373 composite?
False
Is 339214 prime?
False
Is 3194 prime?
False
Is 545613 prime?
False
Is 128969 composite?
False
Is 502 a prime number?
False
Is 25361 a prime number?
False
Is 8311 a prime number?
True
Is 408749 composite?
True
Is 660983 a prime number?
True
Is 18503 a prime number?
True
Is 5755 composite?
True
Is 15769 a composite number?
True
Is 62683 a composite number?
False
Is 9091 prime?
True
Is 1166615 a prime number?
False
Is 105371 a prime number?
False
Is 36109 a composite number?
False
Is 648029 a prime number?
True
Is 366787 prime?
True
Is 41909 a prime number?
False
Is 14441 prime?
False
Is 255043 a composite number?
False
Is 238967 prime?
True
Is 5981 a prime number?
True
Is 19681 prime?
True
Is 1835 prime?
False
Is 371951 composite?
False
Is 3147 a composite number?
True
Is 125521 composite?
True
Is 401483 prime?
False
Is 1362529 composite?
True
Is 5287 composite?
True
Is 875371 composite?
True
Is 108457 composite?
False
Is 13367 a prime number?
True
Is 12979 prime?
True
Is 9113 a composite number?
True
Is 2588101 a composite number?
False
Is 645313 a composite number?
False
Is 7663 prime?
False
Is 23189 a composite number?
False
Is 949317 prime?
False
Is 245209 a composite number?
False
Is 63637 prime?
False
Is 1147561 a prime number?
True
Is 4731257 composite?
True
Is 547211 a composite number?
True
Is 25439 prime?
True
Is 39359 prime?
True
Is 15451 prime?
True
Is 16033 composite?
False
Is 18947 prime?
True
Is 15206 composite?
True
Is 5167 prime?
True
Is 18071 a composite number?
True
Is 115573 composite?
True
Is 2719 composite?
False
Is 1102945 prime?
False
Is 406421 a prime number?
False
Is 3443 a composite number?
True
Is 17567 composite?
True
Is 30367 a prime number?
True
Is 22289 prime?
False
Is 31919 composite?
True
Is 305971 prime?
True
Is 8002 a prime number?
False
Is 1102043 a prime number?
False
Is 108427 prime?
False
Is 397559 composite?
True
Is 155069 prime?
True
Is 164573 composite?
True
Is 256279 prime?
True
Is 448823 a prime number?
False
Is 19661 composite?
False
Is 3489 a prime number?
False
Is 310561 prime?
False
Is 3659 a composite number?
False
Is 1781 prime?
False
Is 369703 a composite number?
False
Is 2699 a composite number?
False
Is 251267 a composite number?
True
Is 24197 a composite number?
False
Is 18397 a prime number?
True
Is 3219157 prime?
True
Is 4049 prime?
True
Is 31429 a composite number?
True
Is 80403 prime?
False
Is 2998159 a prime number?
True
Is 1230527 composite?
True
Is 1767929 composite?
True
Is 67439 a prime number?
False
Is 4341 a composite number?
True
Is 888917 prime?
True
Is 369647 a composite number?
False
Is 5064857 prime?
False
Is 100213 a composite number?
False
Is 28949 composite?
False
Is 11471 a prime number?
True
Is 837923 prime?
True
Is 14023 composite?
True
Is 3755 a prime number?
False
Is 933739 prime?
True
Is 384311 a composite number?
True
Is 9337 composite?
False
Is 44351 prime?
True
Is 683 composite?
False
Is 16781 a composite number?
True
Is 416183 a composite number?
True
Is 366071 prime?
False
Is 5227 composite?
False
Is 68863 composite?
False
Is 955 a composite number?
True
Is 22109 prime?
True
Is 54091 composite?
False
Is 62701 a prime number?
True
Is 353578 composite?
True
Is 39502 prime?
False
Is 657539 a prime number?
True
Is 52249 a prime number?
True
Is 234917 prime?
True
Is 346213 a composite number?
True
Is 10559 a prime number?
True
Is 43093 com